 3, what is 12222000012 + 1000?
12222001012
In base 14, what is -3042 - 1126a?
-142ac
In base 2, what is 111011010 + -111111100111001?
-111110101011111
In base 3, what is -2000110 + 22122222?
20122112
In base 6, what is -5113203 - -22?
-5113141
In base 6, what is 20450345 - 133?
20450212
In base 3, what is 100112002222120 - -2?
100112002222122
In base 2, what is -11 - 1011011001110101011001?
-1011011001110101011100
In base 7, what is 10 + -4330222402?
-4330222362
In base 6, what is -22324332 + -25?
-22324401
In base 7, what is 11 + 250146133?
250146144
In base 13, what is -1 + -416957?
-416958
In base 15, what is 4691 - 1a7d?
2b13
In base 16, what is -29 + 1ede5?
1edbc
In base 14, what is 5a - -1bdb?
1c57
In base 15, what is b8 - 114635?
-11456c
In base 9, what is -1718 + 3368?
1550
In base 4, what is -10021330 - -21301?
-10000023
In base 5, what is -1002424233301 + 1?
-1002424233300
In base 8, what is 3 - 35514205?
-35514202
In base 11, what is -797 - 1597?
-2283
In base 13, what is -1883 - -890?
-cc3
In base 12, what is -1129664 + -1b?
-1129683
In base 3, what is 112022 + -10010000012?
-10002110220
In base 16, what is -ac89 - -2e5?
-a9a4
In base 7, what is 56315 + -53156?
3126
In base 14, what is -3ca - -b138?
ab4c
In base 5, what is 122340102 - -14?
122340121
In base 5, what is 31234230 - -341?
31240121
In base 9, what is 756643 - 2?
756641
In base 16, what is 6 + -1218b6?
-1218b0
In base 12, what is -163ab9 + 25b?
-16385a
In base 9, what is -18 - -216246?
216227
In base 7, what is -1014 + 41644?
40630
In base 10, what is -868 - -4391?
3523
In base 15, what is 72 + 43c76?
43ce8
In base 2, what is -100 + -100111110001110100110000?
-100111110001110100110100
In base 16, what is -565ed8a - 1?
-565ed8b
In base 16, what is 5 + 909b2d?
909b32
In base 10, what is -4 + 3126851?
3126847
In base 9, what is 166846188 + -3?
166846185
In base 6, what is -142555141 - 2?
-142555143
In base 7, what is 12 + -3003400?
-3003355
In base 13, what is 1296c - -896?
13535
In base 12, what is 100306 - -12a?
100434
In base 5, what is -310023 + -102320?
-412343
In base 14, what is 406c0d6 - -10?
406c106
In base 15, what is 4bb9de1 + 5?
4bb9de6
In base 12, what is 51b12b + -10?
51b11b
In base 10, what is 995 + -79898?
-78903
In base 16, what is 2fb30c - 7?
2fb305
In base 12, what is 5a50a8 + -7?
5a50a1
In base 2, what is -101010100101100 + 10000010101?
-101000100010111
In base 2, what is -10101111110 + -100110011110?
-111100011100
In base 2, what is -1100100101101010000 + -1101100?
-1100100101110111100
In base 15, what is -5d22 - 6e39?
-cc5b
In base 8, what is -300117 + -40?
-300157
In base 13, what is -1b72 + 5a428?
58586
In base 3, what is 202210221 + -110112221?
22021000
In base 6, what is 32 - -253434535?
253435011
In base 16, what is 40b - b0ede?
-b0ad3
In base 15, what is -5b + -1711b8?
-171224
In base 6, what is 3142 - -30140133?
30143315
In base 5, what is 322 - -20132404?
20133231
In base 12, what is 2b93 - a11?
2182
In base 16, what is 10d + -35c79?
-35b6c
In base 10, what is -1 - 1455065?
-1455066
In base 5, what is -1100 + -2102304?
-2103404
In base 11, what is 6a88 + -630?
6458
In base 16, what is -19de1 + 650?
-19791
In base 4, what is 11211103213103 - 0?
11211103213103
In base 13, what is 1a02 + -ab2?
c20
In base 5, what is 14440 + -311221?
-241231
In base 14, what is -120 - -230a?
21ca
In base 15, what is -b1a5e - 2?
-b1a61
In base 10, what is 24 - -1397696?
1397720
In base 2, what is 1001010110 - -10101010111110?
10110100010100
In base 13, what is 56bab72 - 18?
56bab57
In base 13, what is -2 + -36192b8?
-36192ba
In base 15, what is -18a5a372 - 5?
-18a5a377
In base 9, what is -57014 + -35?
-57050
In base 3, what is -102220110102202 + 11?
-102220110102121
In base 3, what is 10 - -2222210011111000?
2222210011111010
In base 8, what is 5 - -22455133?
22455140
In base 9, what is -8 + 1105467?
1105458
In base 3, what is 120100210 + 221020?
121022000
In base 4, what is -11 - 212233000130?
-212233000201
In base 9, what is 2 - 5811608?
-5811606
In base 11, what is -110697 - -640?
-110057
In base 2, what is -10010110010101011100 - -11111?
-10010110010100111101
In base 15, what is 1b68592 + -3?
1b6858e
In base 13, what is -9639c - -1371?
-9502b
In base 9, what is 13 - 147374641?
-147374627
In base 13, what is -21a36 - -23b?
-217c8
In base 6, what is -21532121503 + 0?
-21532121503
In base 7, what is 15530 - 5451?
10046
In base 14, what is -30077 - 10a4?
-3113b
In base 12, what is 3a + -68b840?
-68b802
In base 11, what is -2767a - 3?
-27682
In base 15, what is c40deb + -5?
c40de6
In base 13, what is -212 + -b7448?
-b765a
In base 10, what is -1521371 - 3?
-1521374
In base 12, what is -2a575a7 - -3?
-2a575a4
In base 5, what is -2430 - 132013414?
-132021344
In base 14, what is 6 + -11542c?
-115426
In base 9, what is -141 - -1106644?
1106503
In base 10, what is 63346 - -272?
63618
In base 5, what is 41044314 + 1122?
41100441
In base 4, what is -2 - 332301201321?
-332301201323
In base 13, what is 0 - 14a44703?
-14a44703
In base 6, what is -30 + 252520?
252450
In base 10, what is 90992 - 4307?
86685
In base 16, what is -8c873b + 1?
-8c873a
In base 12, what is -1242222 - 1?
-1242223
In base 8, what is -27713500 + 33?
-27713445
In base 12, what is -5 + 810049?
810044
In base 10, what is 13942098 - -63?
13942161
In base 8, what is -4473541 - -3?
-4473536
In base 10, what is 0 + 29986640?
29986640
In base 9, what is 2 + -11854153?
-11854151
In base 5, what is 141 + -140131133?
-140130442
In base 13, what is -12c506b - -5?
-12c5066
In base 4, what is -123121211 + 201?
-123121010
In base 5, what is 103022442011 + -2?
103022442004
In base 5, what is 20434 - -340042?
411031
In base 6, what is 15005 - -205503?
224512
In base 10, what is 0 + -60760688?
-60760688
In base 15, what is -d08 + 17ba?
9b2
In base 5, what is 40220034423 - -4?
40220034432
In base 3, what is -10100122102 - -2122112?
-10020222220
In base 7, what is 5 + 6021351544?
6021351552
In base 16, what is 14786 - 438?
1434e
In base 6, what is -352 - -55545010?
55544214
In base 16, what is -405d9 + 10?
-405c9
In base 12, what is 5 - -15b76042?
15b76047
In base 12, what is -5024 - 3564a?
-3a672
In base 16, what is -223 - 2a6c8?
-2a8eb
In base 9, what is 758377 + 24?
758412
In base 15, what is -2abdd84 - a?
-2abdd8e
In base 10, what is 5321 - 922?
4399
In base 10, what is 3841 - -6680?
10521
In base 6, what is 33111414113 - 4?
33111414105
In base 3, what is -101200211010002011 - -12?
-101200211010001222
In base 6, what is -15 - 15501404?
-15501423
In base 15, what is 235d + 10096?
12404
In base 8, what is -147 - 60623?
-60772
In base 5, what is 34 + 204204021?
204204110
In base 3, what is -1100100120011120 + 1?
-1100100120011112
In base 16, what is 34b74b + -e?
34b73d
In base 13, what is -339c - -43?
-3359
In base 7, what is -1 + -302342443?
-302342444
In base 13, what is 1049a0 - 24?
104979
In base 15, what is -1d4 + 5e0eb?
5de17
In base 6, what is 0 - 1441210201?
-1441210201
In base 12, what is -96 - a7507?
-a75a1
In base 15, what is -1a - 21d697e?
-21d6999
In base 11, what is 7a7a + 3884?
10853
In base 6, what is 5 + -5025143210?
-5025143201
In base 10, what is 24 - 2347007?
-2346983
In base 3, what is 22220000102 + 11120?
22220011222
In base 13, what is 465 - -b456?
b8bb
In base 16, what is -12042f - -6a?
-1203c5
In base 16, what is 496152c + -2?
496152a
In base 16, what is -5e + -3715b?
-371b9
In base 14, what is -1996 + c20?
-b76
In base 8, what is 1 - -1176331325?
1176331326
In base 2, what is -101111110100010111001 + 11?
-101111110100010110110
In base 9, what is -51 - -13526?
13465
In base 14, what is 2004 - 16d0?
714
In base 7, what is 5 + -63560324?
-63560316
In base 5, what is 140 + -1241141121?
-1241140431
In base 8, what is 21173 - -27517?
50712
In base 14, what is 7 + -3c1bc68?
-3c1bc61
In base 14, what is -206c0 + 232?
-2048c
In base 6, what is 200 - 230553?
-230353
In base 4, what is 222010202 + -3233?
222000303
In base 14, what is -4 - c98737?
-c9873b
In base 10, what is 64486 - 427?
64059
In base 6, what is 101 + 10141400?
10141501
In base 3, what is 21220121202002 + 1?
21220121202010
In base 8, what is 4 - -4605463?
4605467
In base 13, what is -54b95a - -2c?
-54b92b
In base 8, what is -227447 - -306